 of 507?
False
Is 1467997640 a multiple of 27?
False
Does 49 divide 386718731?
True
Is 2242 a factor of 246998898?
True
Is 126245214 a multiple of 819?
False
Is 1120 a factor of 93487520?
True
Does 2 divide 7561784?
True
Is 195783230 a multiple of 225?
False
Is 8857153 a multiple of 18?
False
Does 267 divide 14755221?
True
Does 10576 divide 904586432?
True
Is 1917061364 a multiple of 1396?
False
Is 1468 a factor of 336929401?
False
Does 101 divide 71779684?
False
Is 101 a factor of 13907632?
False
Is 491742290 a multiple of 5213?
True
Is 590565600 a multiple of 228?
True
Is 1441982462 a multiple of 2203?
True
Does 243 divide 4499145?
True
Is 24 a factor of 1027415411?
False
Is 6 a factor of 14202578?
False
Is 20 a factor of 921519903?
False
Is 920058048 a multiple of 1248?
True
Does 3 divide 734369188?
False
Is 13940575 a multiple of 311?
True
Is 10 a factor of 283855240?
True
Is 1393763989 a multiple of 6038?
False
Is 35316990 a multiple of 18?
True
Does 4856 divide 55123411?
False
Is 892026661 a multiple of 24?
False
Is 56960768 a multiple of 808?
True
Is 853197424 a multiple of 7342?
False
Is 62715297 a multiple of 69?
False
Is 1967353528 a multiple of 1959?
False
Is 37123366 a multiple of 4?
False
Does 11 divide 73262469?
False
Is 9 a factor of 40650606?
True
Does 189 divide 47903184?
True
Is 2055017 a multiple of 513?
False
Does 38 divide 539231324?
True
Is 55 a factor of 1333768687?
False
Is 142084812 a multiple of 12?
True
Is 190 a factor of 279240720?
True
Is 561759040 a multiple of 940?
True
Is 145 a factor of 1104985550?
True
Is 26 a factor of 14249300?
True
Is 271 a factor of 520958496?
False
Is 1727 a factor of 16806898?
False
Is 1847514837 a multiple of 15?
False
Is 56451201 a multiple of 38?
False
Is 1781 a factor of 1614553083?
True
Does 7 divide 2545741?
False
Does 635 divide 177717051?
False
Does 166 divide 32557292?
False
Is 5 a factor of 112207043?
False
Does 20 divide 288107180?
True
Does 61 divide 3453515?
True
Is 2344 a factor of 1478404669?
False
Is 112061403 a multiple of 1428?
False
Is 152 a factor of 1943777368?
True
Is 16513350 a multiple of 150?
True
Is 7 a factor of 2500110?
False
Does 1026 divide 12452191?
False
Is 64818838 a multiple of 191?
False
Is 69 a factor of 488940284?
False
Is 125054116 a multiple of 2345?
False
Does 9 divide 50347300?
False
Is 63099152 a multiple of 195?
False
Is 38173530 a multiple of 1256?
False
Is 3667 a factor of 841983537?
True
Is 463 a factor of 447008513?
False
Does 5 divide 1351090450?
True
Is 518 a factor of 92220636?
False
Is 1109932345 a multiple of 293?
True
Does 38 divide 3064104312?
True
Is 7451 a factor of 5012947179?
False
Is 26 a factor of 213512?
True
Is 6571403 a multiple of 883?
False
Is 986313328 a multiple of 728?
True
Is 1110 a factor of 1007524800?
True
Does 996 divide 66135396?
True
Does 595 divide 16868101?
False
Is 71742528 a multiple of 132?
True
Is 62051520 a multiple of 1535?
False
Is 1223 a factor of 13267104?
True
Does 627 divide 575668562?
False
Is 118 a factor of 533712174?
False
Is 1818680216 a multiple of 20?
False
Does 253 divide 207271537?
False
Is 257695956 a multiple of 257?
True
Is 35 a factor of 113960097?
False
Is 3910105 a multiple of 5?
True
Does 20 divide 17244820?
True
Is 159492582 even?
True
Does 160 divide 1744535?
False
Is 237 a factor of 42596247?
True
Is 471 a factor of 43067298?
True
Does 84 divide 2737229?
False
Does 985 divide 42506690?
True
Is 767085599 a multiple of 721?
True
Is 1411019240 a multiple of 1860?
False
Is 521556493 a multiple of 1110?
False
Does 32 divide 968423?
False
Is 4 a factor of 1244974?
False
Does 701 divide 276391682?
True
Is 1888244 a multiple of 547?
True
Is 1709924055 a multiple of 269?
True
Is 398041506 a multiple of 54?
True
Is 205 a factor of 149194349?
False
Is 292 a factor of 353505348?
False
Does 1278 divide 275906440?
False
Is 44 a factor of 26250931?
False
Is 17 a factor of 24646066?
False
Is 3738 a factor of 118954374?
True
Is 669770192 a multiple of 2422?
True
Does 1256 divide 765328528?
True
Is 476694883 a multiple of 4943?
False
Is 138624696 a multiple of 216?
True
Does 1206 divide 102449387?
False
Does 13 divide 279170983?
True
Is 455 a factor of 148932420?
True
Is 7134163 a multiple of 110?
False
Does 12 divide 330821856?
True
Is 36470720 a multiple of 440?
True
Is 85580757 a multiple of 45?
False
Does 291 divide 6832680?
True
Does 3 divide 66473?
False
Is 32826566 a multiple of 38?
True
Is 168198300 a multiple of 3330?
True
Is 40 a factor of 122696800?
True
Is 48 a factor of 284972?
False
Does 3554 divide 345267546?
True
Is 154218960 a multiple of 4662?
True
Is 103951088 a multiple of 9?
False
Does 133 divide 2366326690?
True
Is 10 a factor of 208128968?
False
Is 36 a factor of 153254232?
True
Does 6 divide 2738808?
True
Is 1663082760 a multiple of 53?
True
Is 1080 a factor of 50615280?
True
Is 567 a factor of 1529950842?
True
Does 404 divide 316929866?
False
Does 3 divide 22078031?
False
Does 38 divide 2295605384?
True
Is 47085281 a multiple of 37?
False
Is 141198696 a multiple of 18?
True
Is 275546691 a multiple of 52?
False
Does 529 divide 54187842?
False
Is 17515926 a multiple of 54?
True
Does 2578 divide 186745164?
True
Is 93153832 a multiple of 952?
False
Does 18 divide 73124388?
True
Is 1103176140 a multiple of 276?
True
Is 7660442 a multiple of 87?
False
Does 30 divide 77068650?
True
Does 17 divide 96412219?
True
Does 18 divide 7723412?
False
Does 2397 divide 759218976?
False
Is 1552291021 a multiple of 13?
False
Is 34 a factor of 21278406?
False
Is 737703421 a multiple of 13?
True
Does 49 divide 312422873?
True
Is 7482835680 a multiple of 32?
True
Is 19472640 a multiple of 1920?
True
Is 65817924 a multiple of 6884?
True
Is 2381775312 a multiple of 168?
True
Is 135631430 a multiple of 55?
True
Is 569208270 a multiple of 8?
False
Does 107 divide 46277928?
True
Is 578512357 a multiple of 734?
False
Is 123777353 a multiple of 38?
False
Is 13 a factor of 46322941?
False
Does 248 divide 74530268?
False
Is 14 a factor of 43546486?
False
Is 33 a factor of 230227866?
True
Is 85292298 a multiple of 9?
True
Is 1804634679 a multiple of 21?
False
Does 5 divide 10062073?
False
Does 3284 divide 174929940?
False
Is 265482576 a multiple of 48?
True
Is 3353 a factor of 27326173?
False
Does 72 divide 27270216?
True
Is 168967319 a multiple of 19?
False
Is 628772504 a multiple of 4658?
False
Is 24 a factor of 13123175?
False
Is 4967 a factor of 583470626?
False
Is 3283 a factor of 27602402?
False
Does 10 divide 443354096?
False
Is 95 a factor of 555508130?
True
Is 109121451 a multiple of 481?
False
Does 1430 divide 1587661?
False
Is 2360484 a multiple of 323?
True
Does 106 divide 7328804?
False
Is 3 a factor of 6601201?
False
Does 727 divide 144670819?
True
Is 2246720 a multiple of 944?
True
Does 185 divide 22078085?
True
Is 74 a factor of 7372670?
False
Does 19 divide 2366735?
True
Is 539394925 a multiple of 32?
False
Is 651801508 a multiple of 79?
True
Does 15 divide 344132581?
False
Does 7 divide 2036818?
True
Is 176251182 a multiple of 16?
False
Does 6 divide 5775309?
False
Does 44 divide 34810776?
True
Does 102 divide 93274818?
True
Does 872 divide 257249?
False
Does 1168 divide 57963784?
False
Does 149 divide 274257744?
True
Is 2 a factor of 3573009?
False
Is 1990184536 a multiple of 244?
True
Does 91 divide 674042278?
True
Is 335 a factor of 475080585?
True
Is 256744142 a multiple of 36?
False
Is 180 a factor of 138585077?
False
Is 43332085 a multiple of 33?
False
Is 21 a factor of 58519734?
True
Does 1048 divide 72744824?
True
Does 2 divide 4000600?
True
Is 129572987 a multiple of 1031?
True
Is 1014687059 a multiple of 6450?
False
Does 46 divide 2922861482?
True
Does 882 divide 33176533?
False
Does 214 divide 4186482?
True
Does 128 divide 507317854?
False
Does 24 divide 10058467?
False
Is 19 a factor of 81850817?
False
Is 635469324 a multiple of 443?
True
Is 162 a factor of 55012645?
False
Is 14 a factor of 68815418?
True
Is 1274469565 a multiple of 47?
False
Is 81 a factor of 69094863?
True
Is 1176308933 a multiple of 16?
False
Is 5172560 a multiple of 38?
True
Does 7 divide 1566895934?
False
Is 100 a factor of 432148920?
False
Is 21086907 a multiple of 305?
False
Is 68979198 a multiple of 